hat is 31 + 17044a?
170480
In base 14, what is -1c6d5a - -3?
-1c6d57
In base 15, what is 67ea - -39d?
6b98
In base 16, what is -33 - 595f3b?
-595f6e
In base 6, what is 1120 + 40045?
41205
In base 7, what is 42365 - -11614?
54312
In base 14, what is -405 - 7595?
-799a
In base 9, what is 11 + -8848436?
-8848425
In base 3, what is 201010210220 - 11011?
201010122202
In base 7, what is -34 - 216304553?
-216304620
In base 9, what is -15671335 + 0?
-15671335
In base 4, what is -102000023203 - -130?
-102000023013
In base 9, what is 85053 + 15?
85068
In base 16, what is -1e + -2996b7?
-2996d5
In base 3, what is -2 - 212211012102120?
-212211012102122
In base 7, what is -16532520 - -6?
-16532511
In base 9, what is -1 + 1032085?
1032084
In base 8, what is -5220 + 16143?
10723
In base 13, what is 107b - -377b?
4829
In base 9, what is 4 - 41151861?
-41151856
In base 3, what is -221120001111 - -1001?
-221120000110
In base 14, what is -1101897 - 6?
-110189d
In base 7, what is -15 - 532201662?
-532202010
In base 5, what is -4 - 23104210222?
-23104210231
In base 8, what is 1353364 - -533?
1354117
In base 15, what is -14406 - -11e?
-142d7
In base 11, what is 14a + 3336?
3485
In base 4, what is 0 - 1102332320112?
-1102332320112
In base 6, what is 1001 + 203534?
204535
In base 6, what is -23 + 4134040?
4134013
In base 4, what is -331003100 - -1320?
-331001120
In base 5, what is -132334 - 1012424?
-1200313
In base 11, what is 2486a + -48?
24822
In base 7, what is 316 - -4330125?
4330444
In base 11, what is -6 + 25281a0?
2528195
In base 11, what is aa - 169635?
-169536
In base 14, what is -307 - 5744?
-5a4b
In base 15, what is -4 + -3cce7?
-3cceb
In base 13, what is 2 - 32364a32?
-32364a30
In base 10, what is -3 - 309501748?
-309501751
In base 3, what is -2 - -2112002020211211?
2112002020211202
In base 11, what is -551371a + 2?
-5513718
In base 12, what is 4a564 + -319?
4a247
In base 12, what is -14 - -5193a7?
519393
In base 7, what is 43343 + 444?
44120
In base 9, what is -307400 + -410?
-307810
In base 15, what is ce330 - -49?
ce379
In base 2, what is -11100111101011001 + -10001?
-11100111101101010
In base 15, what is -c5781 - 4?
-c5785
In base 2, what is 100011011001010101100 + -1000000?
100011011001001101100
In base 6, what is 241231522 + 40?
241232002
In base 7, what is -1 - -2261434?
2261433
In base 11, what is -2485281 + -68?
-2485339
In base 16, what is -fe2e - -304?
-fb2a
In base 3, what is -1101021110000 + -22?
-1101021110022
In base 16, what is 38815 + -10?
38805
In base 2, what is 11001010 - 11101001?
-11111
In base 12, what is -228 + aa8a5?
aa679
In base 12, what is 1a745005 + 3?
1a745008
In base 16, what is c2145 - -7d?
c21c2
In base 3, what is -101 - 10222111221000210?
-10222111221001011
In base 16, what is 2 + 26b660?
26b662
In base 8, what is 26727115 - -12?
26727127
In base 9, what is 154 + 75016?
75171
In base 16, what is 152a3b + 1?
152a3c
In base 2, what is 10000100010010001010001 + -11?
10000100010010001001110
In base 5, what is 12 - -1422134344?
1422134411
In base 12, what is -499b7 + -77?
-49a72
In base 10, what is -564438 + -14?
-564452
In base 2, what is 111 - -10010000101100111100110?
10010000101100111101101
In base 6, what is -24 - 31005212?
-31005240
In base 14, what is 2 - -2859d957?
2859d959
In base 9, what is 8217717 - -35?
8217753
In base 15, what is -1150e9c - 0?
-1150e9c
In base 15, what is 247 + 1e02?
2149
In base 5, what is 1121000212 - 1?
1121000211
In base 12, what is 2001 - -b76?
2b77
In base 14, what is -dd1da9d4 + 5?
-dd1da9cd
In base 11, what is -27 - -25a6312?
25a6296
In base 3, what is 11 - -1111022220121?
1111022220202
In base 5, what is 3431411 - 1340?
3430021
In base 14, what is -46606b - 13?
-466080
In base 12, what is 2 - 3506a98?
-3506a96
In base 16, what is 42a7 - -90?
4337
In base 14, what is 3 - -341b121?
341b124
In base 3, what is -121222012101002 + 20?
-121222012100212
In base 15, what is -3317 + -b05?
-3e1c
In base 8, what is 34062074 - -12?
34062106
In base 2, what is 100110010111101111 + -10111100111011?
100011011010110100
In base 12, what is 7 - 184a9a?
-184a93
In base 11, what is 224 + -35543?
-3531a
In base 13, what is -2867 + -c650?
-121b7
In base 11, what is 185 + -1158462?
-1158288
In base 16, what is 17 - -18dd4b?
18dd62
In base 5, what is -322413113 + -24?
-322413142
In base 15, what is 1e1 + -16ac6?
-168d5
In base 5, what is -410242 - -12022?
-343220
In base 9, what is 6 - 17850582?
-17850575
In base 14, what is -12d36 - 181?
-130b7
In base 6, what is 4 + -20235115001?
-20235114553
In base 8, what is 137214772 + -1?
137214771
In base 13, what is -3c25 - 332?
-4257
In base 14, what is 0 + 4a40c81?
4a40c81
In base 4, what is -331 - 202220320?
-202221311
In base 4, what is 11111330323033 + 3?
11111330323102
In base 6, what is -111253104 - -10?
-111253054
In base 6, what is -1332114521 - 2?
-1332114523
In base 12, what is -5 - -6a410bb?
6a410b6
In base 10, what is 11707 + 139?
11846
In base 16, what is e496 - 11?
e485
In base 5, what is 14 - 3223444041?
-3223444022
In base 14, what is -60b9 + -cb8?
-6d93
In base 15, what is 13e - 6ba0?
-6a61
In base 7, what is 5 - -11234040614?
11234040622
In base 6, what is -3 + -443045151?
-443045154
In base 16, what is 127 + -6d44b?
-6d324
In base 2, what is -10001100111 + 10101010100010011100?
10101010010000110101
In base 13, what is 1 - 11c0b346?
-11c0b345
In base 11, what is -46314 + -602?
-46916
In base 11, what is 6a1a3070 + 0?
6a1a3070
In base 11, what is -2 + -230a759?
-230a760
In base 16, what is -76a5787 - -4?
-76a5783
In base 7, what is -4 + -14021322?
-14021326
In base 2, what is 1010110101111101000110100 + 1100?
1010110101111101001000000
In base 8, what is -5535 - 162545?
-170302
In base 3, what is -10102001021111002 + -2?
-10102001021111011
In base 16, what is -8ce79 - 20?
-8ce99
In base 8, what is -422 + -5053?
-5475
In base 2, what is 110001110 + 11011010011000101100?
11011010011110111010
In base 16, what is -ab - -50c7d?
50bd2
In base 5, what is -1 + -313401012322?
-313401012323
In base 5, what is 413 + -23013314?
-23012401
In base 8, what is 2533 + -11222?
-6467
In base 7, what is -4133 - 33616?
-41052
In base 6, what is 322550125 + 4?
322550133
In base 5, what is 10 - -202421434?
202421444
In base 9, what is 14 - -2351281?
2351305
In base 5, what is 2224032 - 12110?
2211422
In base 12, what is 2a - -364990?
3649ba
In base 9, what is -212231222 - 2?
-212231224
In base 8, what is 6735 - -11261?
20216
In base 6, what is -3021550150 - 22?
-3021550212
In base 7, what is -11000 - 26?
-11026
In base 5, what is 111304 + -11021?
100233
In base 12, what is -15099 + 13b3?
-138a6
In base 14, what is 199 + -1090?
-cd5
In base 4, what is -2111 - -32101002?
32032231
In base 13, what is -1 - b25568?
-b25569
In base 8, what is 15104 + -12007?
3075
In base 13, what is -2260b44 - -5?
-2260b3c
In base 4, what is 1331313 - 122331?
1202322
In base 7, what is 3135252225 + 1?
3135252226
In base 12, what is -4 + -1602a80?
-1602a84
In base 11, what is 121 - 980764?
-980643
In base 7, what is 55465016 - 36?
55464650
In base 8, what is -110 - -1175323?
1175213
In base 13, what is -56 - 594967?
-5949c0
In base 2, what is -100 + 10010000000010011111010010?
10010000000010011111001110
In base 10, what is -12 + -1945255?
-1945267
In base 13, what is -4 + 19aa044?
19aa040
In base 13, what is b55386 - -4?
b5538a
In base 8, what is -60603166 + 2?
-60603164
In base 9, what is 204355 - 4?
204351
In base 7, what is -3225 - -342333?
336105
In base 8, what is 4761374 + 5?
4761401
In base 13, what is 5 - -bab416c?
bab4174
In base 16, what is 114bc + 434?
118f0
In base 10, what is 65 - -1528042?
1528107
In base 16, what is 3 + -913cff3?
-913cff0
In base 2, what is -100110111101 + 10001001?
-100100110100
In base 8, what is -1260 - -37023?
35543
In base 6, what is -530 - -13341?
12411
In base 10, what is 19729 - -598?
20327
In base 10, what is 241134 + -113?
241021
In base 11, what is 22214 - 3431?
19893
In base 7, what is -131455 + -3541?
-135326
In base 8, what is -22651 + 16647?
-4002
In base 16, what is 5 + 1bf2d2?
1bf2d7
In base 15, what is -2706b - a6?
-27122
In base 7, what is 1156035 - -32?
1156100
In base 13, what is 937c2c + -36?
937bc6
In base 6, what is -3540 + -1023015?
-1030